e the greatest common factor of 253620 and 18.
18
Calculate the greatest common divisor of 50 and 265720.
10
What is the highest common factor of 413219 and 12971?
1853
What is the highest common divisor of 92 and 43861?
23
Calculate the highest common divisor of 20 and 1682420.
20
What is the greatest common factor of 225 and 1906155?
45
What is the highest common divisor of 11203 and 4233?
17
Calculate the greatest common factor of 950 and 80275.
475
Calculate the highest common factor of 69224 and 272.
136
Calculate the greatest common factor of 34 and 2548606.
34
Calculate the greatest common factor of 8865 and 1335.
15
What is the highest common factor of 40828 and 65608?
236
What is the highest common divisor of 95 and 113145?
95
Calculate the highest common factor of 544 and 9208.
8
What is the highest common divisor of 30800 and 26488?
616
What is the highest common factor of 399 and 163058?
133
What is the highest common factor of 61144 and 28?
4
Calculate the greatest common divisor of 37827 and 324.
81
What is the greatest common divisor of 81 and 120555?
27
What is the greatest common divisor of 328 and 63222?
82
Calculate the highest common factor of 33443 and 3127.
53
What is the highest common divisor of 1265 and 49137?
11
Calculate the highest common factor of 6278869 and 193.
193
What is the greatest common factor of 1652 and 6299902?
826
Calculate the greatest common factor of 7881 and 4118.
71
What is the highest common factor of 558840 and 120?
120
What is the highest common factor of 2 and 8278?
2
Calculate the highest common factor of 302160 and 1200.
240
Calculate the greatest common factor of 126712 and 1034.
94
What is the greatest common divisor of 228 and 6900?
12
What is the greatest common factor of 270048 and 87?
87
What is the greatest common divisor of 3056 and 210673?
191
What is the highest common divisor of 1315 and 133867?
263
What is the greatest common divisor of 445 and 16?
1
Calculate the greatest common divisor of 2 and 3852.
2
Calculate the greatest common factor of 3692 and 468.
52
What is the greatest common factor of 121908 and 24?
12
What is the greatest common factor of 132 and 3252579?
33
Calculate the highest common divisor of 30 and 156405.
15
What is the greatest common factor of 4728 and 1920?
24
What is the greatest common factor of 478450 and 700?
350
Calculate the greatest common factor of 767 and 24115.
13
Calculate the greatest common divisor of 65 and 288730.
65
Calculate the highest common divisor of 24604 and 52.
4
Calculate the highest common factor of 84 and 12670.
14
What is the greatest common divisor of 105 and 37555?
35
Calculate the highest common divisor of 1905 and 20565.
15
Calculate the highest common factor of 32100 and 24900.
300
What is the highest common factor of 232 and 1824?
8
What is the highest common divisor of 40 and 22392?
8
Calculate the highest common factor of 1761284 and 308.
28
What is the highest common divisor of 4212 and 86463?
117
What is the highest common divisor of 13193 and 19276?
79
Calculate the highest common divisor of 42670 and 646.
34
Calculate the greatest common factor of 3892 and 434.
14
What is the greatest common factor of 64 and 158320?
16
What is the highest common factor of 552 and 42688?
184
What is the greatest common divisor of 52959 and 22101?
417
What is the greatest common factor of 4290 and 45?
15
What is the highest common divisor of 87472 and 1309?
77
What is the greatest common factor of 323466 and 132?
66
What is the highest common factor of 238367 and 2792?
349
What is the highest common factor of 7831 and 36449?
41
What is the greatest common factor of 192 and 1704?
24
What is the highest common divisor of 1167621 and 9870?
987
Calculate the highest common factor of 62192 and 247.
13
Calculate the highest common factor of 5 and 147925.
5
What is the highest common factor of 92920 and 6440?
920
What is the greatest common factor of 318218 and 1070?
214
Calculate the highest common factor of 466539 and 123.
123
Calculate the greatest common divisor of 3059 and 18487.
133
Calculate the greatest common divisor of 1535048 and 304.
152
Calculate the highest common divisor of 156 and 250770.
78
What is the greatest common factor of 7328 and 64?
32
Calculate the highest common factor of 72 and 81196.
4
What is the greatest common divisor of 273 and 9334?
13
Calculate the highest common divisor of 51744 and 25774.
98
Calculate the highest common factor of 1282 and 2002484.
1282
What is the highest common factor of 483846 and 726?
66
What is the highest common factor of 418800 and 225?
75
Calculate the greatest common divisor of 17621 and 8241.
67
What is the highest common factor of 27807 and 483?
69
Calculate the greatest common factor of 121725 and 50.
25
What is the highest common divisor of 9 and 11127?
3
Calculate the greatest common factor of 13 and 1565.
1
What is the greatest common factor of 6232 and 99332?
76
Calculate the highest common factor of 6461 and 24921.
923
What is the highest common factor of 20090 and 21935?
205
What is the highest common divisor of 69430 and 524?
262
Calculate the greatest common divisor of 105 and 160895.
35
Calculate the greatest common divisor of 14 and 26306.
14
Calculate the highest common divisor of 160 and 4100.
20
Calculate the highest common divisor of 30 and 84515.
5
Calculate the highest common factor of 37739 and 1664.
13
What is the highest common factor of 134768 and 16?
16
Calculate the highest common divisor of 12929 and 14.
7
Calculate the highest common divisor of 4607 and 85.
17
What is the greatest common factor of 10822 and 238?
14
What is the highest common factor of 1826 and 583?
11
What is the greatest common factor of 1277808 and 224?
112
Calculate the greatest common divisor of 17358 and 902.
22
Calculate the greatest common divisor of 48444 and 297.
33
What is the greatest common divisor of 2460 and 174578?
82
Calculate the highest common divisor of 105 and 43680.
105
Calculate the greatest common factor of 13 and 221533.
13
What is the greatest common divisor of 480 and 870?
30
What is the highest common factor of 134024 and 288?
8
Calculate the greatest common factor of 32750 and 524.
262
Calculate the highest common factor of 203080 and 40.
40
Calculate the greatest common factor of 32968 and 30472.
104
Calculate the highest common divisor of 25269 and 12.
3
What is the highest common factor of 7986 and 31482?
66
What is the highest common factor of 2898 and 38502?
414
What is the greatest common divisor of 84535 and 32857?
319
Calculate the greatest common factor of 240714 and 378.
18
Calculate the highest common divisor of 25572 and 84.
12
Calculate the highest common factor of 142035 and 6.
3
Calculate the greatest common divisor of 895131 and 7710.
771
Calculate the greatest common divisor of 4425 and 26727.
177
What is the highest common divisor of 71651 and 2615?
523
Calculate the highest common factor of 12999 and 483.
21
Calculate the greatest common divisor of 42 and 196224.
42
What is the highest common divisor of 3611 and 276?
23
Calculate the greatest common factor of 752446 and 13712.
1714
Calculate the greatest common factor of 35369 and 339.
113
What is the highest common divisor of 1980 and 6105?
165
Calculate the highest common divisor of 39 and 6994.
13
Calculate the greatest common factor of 108254 and 226.
226
What is the highest common factor of 5 and 33665?
5
Calculate the highest common divisor of 6068 and 1998.
74
What is the greatest common factor of 38 and 296628?
38
What is the highest common factor of 56 and 130984?
56
Calculate the greatest common divisor of 1335 and 870865.
445
Calculate the highest common factor of 23112 and 864.
216
What is the highest common divisor of 659895 and 870?
435
Calculate the greatest common divisor of 15218 and 259.
7
Calculate the highest common divisor of 26 and 8216572.
26
What is the greatest common divisor of 11568 and 272?
16
Calculate the greatest common divisor of 5 and 542525.
5
What is the greatest common factor of 62545 and 7245?
35
What is the greatest common divisor of 79815 and 255?
255
What is the highest common factor of 429 and 63258?
39
What is the highest common divisor of 5235 a